{"id":154,"date":"2021-04-05T08:34:14","date_gmt":"2021-04-05T08:34:14","guid":{"rendered":"https:\/\/quimicosaldeia.pt\/?post_type=product&#038;p=154"},"modified":"2021-09-27T15:20:34","modified_gmt":"2021-09-27T15:20:34","slug":"desinbac-ds-5lt-desinfetante-hidroalcoolico-70o","status":"publish","type":"product","link":"https:\/\/quimicosaldeia.pt\/index.php\/produto\/desinbac-ds-5lt-desinfetante-hidroalcoolico-70o\/","title":{"rendered":"DESINBAC DS 5L (desinfetante hidroalcoolico 70\u00ba)"},"content":{"rendered":"","protected":false},"excerpt":{"rendered":"<p>VIRUCIDA. Biocida de Uso Veterin\u00e1rio. Leia atentamente o r\u00f3tulo antes de utilizar o produto.<br \/>\nCumpre a norma UNE-EN 13697 em condi\u00e7\u00f5es de limpeza. Anti-s\u00e9pticos e desinfectantes qu\u00edmicos. Ensaio<br \/>\nquantitativo de superf\u00edcie n\u00e3o porosa para avaliar a actividade bactericida de desinfectantes qu\u00edmicos utilizados em<br \/>\nprodutos alimentares, na ind\u00fastria, em casa e na comunidade. Cumpre com a norma UNE-EN 13697 Standard em<br \/>\ncondi\u00e7\u00f5es limpas e para fins espec\u00edficos, com os organismos utilizados no ensaio: Salmonella typhimurium e<br \/>\nListeria monocytogenes. Cumpre com a NORMA UNE-EN 14476:2014 + A2:2019 actividad viricida en condiciones<br \/>\nlimpias frente a Poliovirus, Adenovirus, Norovirus murino e virus encapsulados (TIPO CORONAVIRUS). A<br \/>\naplica\u00e7\u00e3o do produto na ind\u00fastria alimentar para uso em desinfe\u00e7\u00e3o de contato: superf\u00edcies e equipamentos, deve<br \/>\nser realizada na aus\u00eancia de alimentos.<br \/>\nTP4 USO EXCLUSIVO POR PESSOAL PROFISSIONAL. \/ TP2 USO DOM\u00c9STICO E USO PROFISSIONAL.<br \/>\nANTES DE USAR O PRODUTO, LER ATENTAMENTE ESTA ETIQUETA.<\/p>\n<p>&nbsp;<\/p>\n<p>Modo de utiliza\u00e7\u00e3o:<\/p>\n<p>Para desinfec\u00e7\u00e3o geral de superf\u00edcies, instala\u00e7\u00f5es, hospitais, etc., Pronto a usar. Limpeza pr\u00e9via das superf\u00edcies.<br \/>\nAplicar o produto puro por por pulveriza\u00e7\u00e3o, imers\u00e3o ou circula\u00e7\u00e3o nas superf\u00edcies e equipamentos, a desinfetar deixando um tempo de contacto de 5 minutos. Para desinfec\u00e7\u00e3o na ind\u00fastria aliment\u00edcia: Instru\u00e7\u00f5es de utiliza\u00e7\u00e3oda desinfe\u00e7\u00e3o por contacto: Pronto a usar. Limpeza pr\u00e9via das superf\u00edcies. Aplicar o produto puro por porpulveriza\u00e7\u00e3o, imers\u00e3o ou circula\u00e7\u00e3o nas superf\u00edcies e equipamentos, a desinfetar deixando um tempo de contactode 5 minutos. Enxaguar com agua pot\u00e1vel.<br \/>\nDevem ser tomadas as medidas necess\u00e1rias para garantir que os g\u00e9neros aliment\u00edcios, m\u00e1quinas ou utens\u00edlios<br \/>\nmanipulados nas superf\u00edcies, instala\u00e7\u00f5es ou equipamentos tratados ou anteriormente expostos ao produto n\u00e3o contenham res\u00edduos de qualquer dos seus componentes. Para tal, as pe\u00e7as ou superf\u00edcies tratadas ou expostasantes da utiliza\u00e7\u00e3o devem ser devidamente enxaguadas com \u00e1gua pot\u00e1vel. Evitar o contacto com superf\u00edciestratadas ou expostas. N\u00e3o misture com outros produtos qu\u00edmicos. Incompat\u00edvel com tensioactivos ani\u00f3nicos,agentes oxidantes fortes e \u00e1cidos ou \u00e1lcalis fortes. Deve ser realizado um ensaio de pr\u00e9-desinfe\u00e7\u00e3o para verificar a compatibilidade do produto com os materiais.<br \/>\nRecipientes vazios, res\u00edduos de produtos, \u00e1gua de lavagem, recipientes e outros res\u00edduos gerados durante a<br \/>\naplica\u00e7\u00e3o s\u00e3o considerados res\u00edduos perigosos autorizados de acordo com as normas vigentes.<\/p>\n","protected":false},"featured_media":155,"comment_status":"open","ping_status":"closed","template":"","meta":[],"product_brand":[],"product_cat":[61,23],"product_tag":[160,161],"class_list":{"0":"post-154","1":"product","2":"type-product","3":"status-publish","4":"has-post-thumbnail","6":"product_cat-desinfetantes","7":"product_cat-quimicos","8":"product_tag-desinfetante","9":"product_tag-hidroalcolico","11":"first","12":"instock","13":"purchasable","14":"product-type-simple"},"_links":{"self":[{"href":"https:\/\/quimicosaldeia.pt\/index.php\/wp-json\/wp\/v2\/product\/154","targetHints":{"allow":["GET"]}}],"collection":[{"href":"https:\/\/quimicosaldeia.pt\/index.php\/wp-json\/wp\/v2\/product"}],"about":[{"href":"https:\/\/quimicosaldeia.pt\/index.php\/wp-json\/wp\/v2\/types\/product"}],"replies":[{"embeddable":true,"href":"https:\/\/quimicosaldeia.pt\/index.php\/wp-json\/wp\/v2\/comments?post=154"}],"wp:featuredmedia":[{"embeddable":true,"href":"https:\/\/quimicosaldeia.pt\/index.php\/wp-json\/wp\/v2\/media\/155"}],"wp:attachment":[{"href":"https:\/\/quimicosaldeia.pt\/index.php\/wp-json\/wp\/v2\/media?parent=154"}],"wp:term":[{"taxonomy":"product_brand","embeddable":true,"href":"https:\/\/quimicosaldeia.pt\/index.php\/wp-json\/wp\/v2\/product_brand?post=154"},{"taxonomy":"product_cat","embeddable":true,"href":"https:\/\/quimicosaldeia.pt\/index.php\/wp-json\/wp\/v2\/product_cat?post=154"},{"taxonomy":"product_tag","embeddable":true,"href":"https:\/\/quimicosaldeia.pt\/index.php\/wp-json\/wp\/v2\/product_tag?post=154"}],"curies":[{"name":"wp","href":"https:\/\/api.w.org\/{rel}","templated":true}]}}