{"id":425,"date":"2021-10-25T14:55:48","date_gmt":"2021-10-25T14:55:48","guid":{"rendered":"https:\/\/quimicosaldeia.pt\/?post_type=product&#038;p=425"},"modified":"2025-06-11T14:54:15","modified_gmt":"2025-06-11T14:54:15","slug":"hdt-50-desentupidor-de-canos-mistolin-5l","status":"publish","type":"product","link":"https:\/\/quimicosaldeia.pt\/index.php\/produto\/hdt-50-desentupidor-de-canos-mistolin-5l\/","title":{"rendered":"HDT 50 &#8211; Desentupidor de canos Mistolin 5L"},"content":{"rendered":"","protected":false},"excerpt":{"rendered":"<p>Produto fortemente alcalino indicado para o desentupimento de canos.<\/p>\n<p>A sua f\u00f3rmula permite um desagregamento eficaz de gorduras e outros res\u00edduos org\u00e2nicos (ex: res\u00edduos de alimentos), das tubagens.<\/p>\n<p>Produto adequado para situa\u00e7\u00f5es onde exista uma obstru\u00e7\u00e3o do escoamento normal dos canos.<\/p>\n<p><strong><u>VANTAGENS DO PRODUTO:<\/u><\/strong><\/p>\n<p><strong>\u00a0<\/strong>\u00a0Facilidade de aplica\u00e7\u00e3o.<\/p>\n<p>Potente ac\u00e7\u00e3o de desobstru\u00e7\u00e3o.<\/p>\n<p>&nbsp;<\/p>\n<p><strong><u>MODO DE UTILIZA\u00c7\u00c3O:<\/u><\/strong><\/p>\n<p>Colocar 200 a 300 ml directamente na tubagem. Aplicar \u00e1gua quente, deixar actuar durante 30 minutos e enxaguar abundantemente. Se necess\u00e1rio, repetir o procedimento.<\/p>\n","protected":false},"featured_media":426,"comment_status":"open","ping_status":"closed","template":"","meta":[],"product_brand":[],"product_cat":[23,63],"product_tag":[203,202,179],"class_list":{"0":"post-425","1":"product","2":"type-product","3":"status-publish","4":"has-post-thumbnail","6":"product_cat-quimicos","7":"product_cat-wc","8":"product_tag-canos","9":"product_tag-desentupidor","10":"product_tag-mistolin","12":"first","13":"instock","14":"purchasable","15":"product-type-simple"},"_links":{"self":[{"href":"https:\/\/quimicosaldeia.pt\/index.php\/wp-json\/wp\/v2\/product\/425","targetHints":{"allow":["GET"]}}],"collection":[{"href":"https:\/\/quimicosaldeia.pt\/index.php\/wp-json\/wp\/v2\/product"}],"about":[{"href":"https:\/\/quimicosaldeia.pt\/index.php\/wp-json\/wp\/v2\/types\/product"}],"replies":[{"embeddable":true,"href":"https:\/\/quimicosaldeia.pt\/index.php\/wp-json\/wp\/v2\/comments?post=425"}],"wp:featuredmedia":[{"embeddable":true,"href":"https:\/\/quimicosaldeia.pt\/index.php\/wp-json\/wp\/v2\/media\/426"}],"wp:attachment":[{"href":"https:\/\/quimicosaldeia.pt\/index.php\/wp-json\/wp\/v2\/media?parent=425"}],"wp:term":[{"taxonomy":"product_brand","embeddable":true,"href":"https:\/\/quimicosaldeia.pt\/index.php\/wp-json\/wp\/v2\/product_brand?post=425"},{"taxonomy":"product_cat","embeddable":true,"href":"https:\/\/quimicosaldeia.pt\/index.php\/wp-json\/wp\/v2\/product_cat?post=425"},{"taxonomy":"product_tag","embeddable":true,"href":"https:\/\/quimicosaldeia.pt\/index.php\/wp-json\/wp\/v2\/product_tag?post=425"}],"curies":[{"name":"wp","href":"https:\/\/api.w.org\/{rel}","templated":true}]}}