{"id":621,"date":"2024-09-23T10:11:25","date_gmt":"2024-09-23T10:11:25","guid":{"rendered":"https:\/\/quimicosaldeia.pt\/?post_type=product&#038;p=621"},"modified":"2025-06-11T06:21:43","modified_gmt":"2025-06-11T06:21:43","slug":"conjunto-de-3-ecopontos-empilhaveis","status":"publish","type":"product","link":"https:\/\/quimicosaldeia.pt\/index.php\/produto\/conjunto-de-3-ecopontos-empilhaveis\/","title":{"rendered":"Conjunto de 3 ecopontos empilh\u00e1veis"},"content":{"rendered":"","protected":false},"excerpt":{"rendered":"<p>Conjunto de 3 ecopontos empilh\u00e1veis, cada unidade 25 L<br \/>\nCor: Preto com tampas azul, amarela e verde<br \/>\nPara separar os res\u00edduos em papel, pl\u00e1stico e vidro<br \/>\nTampas frontais que permitem depositar o lixo recicl\u00e1vel de uma forma pr\u00e1tica e higi\u00e9nica<br \/>\nSistema de abertura do balde do lixo: Manual<br \/>\nEspecialmente desenhados para se adaptar a espa\u00e7os reduzidos<br \/>\nCapacidade total: 75 L (25 L x 3)<br \/>\nMedidas de cada balde: (L x P x A) 29,3 x 39,2 x 33,5 cm<br \/>\nMedidas dos 3 baldes empilhados: (L x P x A) 29,3 x 39,2 x 100,5 cm<br \/>\nMaterial: Polipropileno<\/p>\n","protected":false},"featured_media":622,"comment_status":"open","ping_status":"closed","template":"","meta":[],"product_brand":[],"product_cat":[21,48],"product_tag":[242,283],"class_list":{"0":"post-621","1":"product","2":"type-product","3":"status-publish","4":"has-post-thumbnail","6":"product_cat-equipamentos","7":"product_cat-recolha-residuos","8":"product_tag-ecoponto","9":"product_tag-empilhavel","11":"first","12":"instock","13":"purchasable","14":"product-type-simple"},"_links":{"self":[{"href":"https:\/\/quimicosaldeia.pt\/index.php\/wp-json\/wp\/v2\/product\/621","targetHints":{"allow":["GET"]}}],"collection":[{"href":"https:\/\/quimicosaldeia.pt\/index.php\/wp-json\/wp\/v2\/product"}],"about":[{"href":"https:\/\/quimicosaldeia.pt\/index.php\/wp-json\/wp\/v2\/types\/product"}],"replies":[{"embeddable":true,"href":"https:\/\/quimicosaldeia.pt\/index.php\/wp-json\/wp\/v2\/comments?post=621"}],"wp:featuredmedia":[{"embeddable":true,"href":"https:\/\/quimicosaldeia.pt\/index.php\/wp-json\/wp\/v2\/media\/622"}],"wp:attachment":[{"href":"https:\/\/quimicosaldeia.pt\/index.php\/wp-json\/wp\/v2\/media?parent=621"}],"wp:term":[{"taxonomy":"product_brand","embeddable":true,"href":"https:\/\/quimicosaldeia.pt\/index.php\/wp-json\/wp\/v2\/product_brand?post=621"},{"taxonomy":"product_cat","embeddable":true,"href":"https:\/\/quimicosaldeia.pt\/index.php\/wp-json\/wp\/v2\/product_cat?post=621"},{"taxonomy":"product_tag","embeddable":true,"href":"https:\/\/quimicosaldeia.pt\/index.php\/wp-json\/wp\/v2\/product_tag?post=621"}],"curies":[{"name":"wp","href":"https:\/\/api.w.org\/{rel}","templated":true}]}}