{"id":631,"date":"2024-11-04T12:56:20","date_gmt":"2024-11-04T12:56:20","guid":{"rendered":"https:\/\/quimicosaldeia.pt\/?post_type=product&#038;p=631"},"modified":"2025-04-14T17:01:07","modified_gmt":"2025-04-14T17:01:07","slug":"ambi-olor-ambientador-higienizante-gota-a-gota-750ml-proder","status":"publish","type":"product","link":"https:\/\/quimicosaldeia.pt\/index.php\/produto\/ambi-olor-ambientador-higienizante-gota-a-gota-750ml-proder\/","title":{"rendered":"Ambi Olor &#8211; Ambientador higienizante gota a gota 750ml Proder"},"content":{"rendered":"","protected":false},"excerpt":{"rendered":"<p>Ambientador higienizante super concentrado, purifica todo o tipo de espa\u00e7os, proporcionando um ambiente livre de maus cheiros.<br \/>\nA sua elevada concentra\u00e7\u00e3o torna rent\u00e1vel e mant\u00e9m mais tempo um ambiente agrad\u00e1vel.<br \/>\nUso em discotecas, centros comerciais, escrit\u00f3rios, wc, urin\u00f3is, etc.<br \/>\nDosagem e aplica\u00e7\u00e3o: Dosear umas gotas nas esquinas dos espa\u00e7os, \u00e1reas discretas, recipientes de pia\u00e7abas nas casas de banho.<\/p>\n","protected":false},"featured_media":633,"comment_status":"open","ping_status":"closed","template":"","meta":[],"product_brand":[],"product_cat":[66,23],"product_tag":[234,288,289],"class_list":{"0":"post-631","1":"product","2":"type-product","3":"status-publish","4":"has-post-thumbnail","6":"product_cat-ambientadores","7":"product_cat-quimicos","8":"product_tag-ambientador","9":"product_tag-gota-a-gota","10":"product_tag-proder","12":"first","13":"instock","14":"purchasable","15":"product-type-simple"},"_links":{"self":[{"href":"https:\/\/quimicosaldeia.pt\/index.php\/wp-json\/wp\/v2\/product\/631","targetHints":{"allow":["GET"]}}],"collection":[{"href":"https:\/\/quimicosaldeia.pt\/index.php\/wp-json\/wp\/v2\/product"}],"about":[{"href":"https:\/\/quimicosaldeia.pt\/index.php\/wp-json\/wp\/v2\/types\/product"}],"replies":[{"embeddable":true,"href":"https:\/\/quimicosaldeia.pt\/index.php\/wp-json\/wp\/v2\/comments?post=631"}],"wp:featuredmedia":[{"embeddable":true,"href":"https:\/\/quimicosaldeia.pt\/index.php\/wp-json\/wp\/v2\/media\/633"}],"wp:attachment":[{"href":"https:\/\/quimicosaldeia.pt\/index.php\/wp-json\/wp\/v2\/media?parent=631"}],"wp:term":[{"taxonomy":"product_brand","embeddable":true,"href":"https:\/\/quimicosaldeia.pt\/index.php\/wp-json\/wp\/v2\/product_brand?post=631"},{"taxonomy":"product_cat","embeddable":true,"href":"https:\/\/quimicosaldeia.pt\/index.php\/wp-json\/wp\/v2\/product_cat?post=631"},{"taxonomy":"product_tag","embeddable":true,"href":"https:\/\/quimicosaldeia.pt\/index.php\/wp-json\/wp\/v2\/product_tag?post=631"}],"curies":[{"name":"wp","href":"https:\/\/api.w.org\/{rel}","templated":true}]}}