{"id":736,"date":"2025-05-19T13:56:14","date_gmt":"2025-05-19T13:56:14","guid":{"rendered":"https:\/\/quimicosaldeia.pt\/?post_type=product&#038;p=736"},"modified":"2025-05-19T13:58:14","modified_gmt":"2025-05-19T13:58:14","slug":"lixivia-ativa-em-espuma-dcm-20-mistolin-5l","status":"publish","type":"product","link":"https:\/\/quimicosaldeia.pt\/index.php\/produto\/lixivia-ativa-em-espuma-dcm-20-mistolin-5l\/","title":{"rendered":"Lix\u00edvia Ativa em Espuma DCM-20 Mistolin 5L"},"content":{"rendered":"","protected":false},"excerpt":{"rendered":"<p>Lixivia ativa em espuma DCM-20 Mistolin profissional,produto clorado,em espuma,para a limpeza de todas as superf\u00edcies duras e lav\u00e1veis, resistentes \u00e0 \u00e1gua.<\/p>\n<p>APLICA\u00c7\u00d5ES<br \/>\no Adequado para a limpeza de superf\u00edcies de casas de banho e lou\u00e7as<br \/>\nsanit\u00e1rias, balne\u00e1rios, cozinhas e bancadas.<br \/>\nBENEF\u00cdCIOS<br \/>\no A\u00e7\u00e3o branqueadora devido \u00e0 presen\u00e7a de cloro;<br \/>\no Efeito desodorizante, deixando o ambiente fresco e limpo;<br \/>\no Produto vers\u00e1til;<br \/>\no Elimina manchas dif\u00edceis;<br \/>\no Aplica\u00e7\u00e3o em spray, com pistola especial espuma;<br \/>\no Produto pronto a usar;<br \/>\no F\u00e1cil de usar e aplicar.<\/p>\n<p>MODO DE UTILIZA\u00c7\u00c3O<br \/>\no Aplicar o produto diretamente na superf\u00edcie a limpar;<br \/>\no Deixar atuar no m\u00e1ximo 5 minutos;<br \/>\no Se necess\u00e1rio, esfregar levemente para remover toda a sujidade;<br \/>\no Enxaguar bem e secar as superf\u00edcies com um pano seco.<br \/>\nImportante: N\u00e3o misturar com \u00e1cidos ou outros produtos de limpeza<\/p>\n","protected":false},"featured_media":737,"comment_status":"open","ping_status":"closed","template":"","meta":[],"product_brand":[],"product_cat":[23,63],"product_tag":[315,112,179],"class_list":{"0":"post-736","1":"product","2":"type-product","3":"status-publish","4":"has-post-thumbnail","6":"product_cat-quimicos","7":"product_cat-wc","8":"product_tag-dcm-20","9":"product_tag-lixivia","10":"product_tag-mistolin","12":"first","13":"instock","14":"purchasable","15":"product-type-simple"},"_links":{"self":[{"href":"https:\/\/quimicosaldeia.pt\/index.php\/wp-json\/wp\/v2\/product\/736","targetHints":{"allow":["GET"]}}],"collection":[{"href":"https:\/\/quimicosaldeia.pt\/index.php\/wp-json\/wp\/v2\/product"}],"about":[{"href":"https:\/\/quimicosaldeia.pt\/index.php\/wp-json\/wp\/v2\/types\/product"}],"replies":[{"embeddable":true,"href":"https:\/\/quimicosaldeia.pt\/index.php\/wp-json\/wp\/v2\/comments?post=736"}],"wp:featuredmedia":[{"embeddable":true,"href":"https:\/\/quimicosaldeia.pt\/index.php\/wp-json\/wp\/v2\/media\/737"}],"wp:attachment":[{"href":"https:\/\/quimicosaldeia.pt\/index.php\/wp-json\/wp\/v2\/media?parent=736"}],"wp:term":[{"taxonomy":"product_brand","embeddable":true,"href":"https:\/\/quimicosaldeia.pt\/index.php\/wp-json\/wp\/v2\/product_brand?post=736"},{"taxonomy":"product_cat","embeddable":true,"href":"https:\/\/quimicosaldeia.pt\/index.php\/wp-json\/wp\/v2\/product_cat?post=736"},{"taxonomy":"product_tag","embeddable":true,"href":"https:\/\/quimicosaldeia.pt\/index.php\/wp-json\/wp\/v2\/product_tag?post=736"}],"curies":[{"name":"wp","href":"https:\/\/api.w.org\/{rel}","templated":true}]}}