{"id":771,"date":"2025-11-24T11:59:58","date_gmt":"2025-11-24T11:59:58","guid":{"rendered":"https:\/\/quimicosaldeia.pt\/?post_type=product&#038;p=771"},"modified":"2025-11-24T11:59:58","modified_gmt":"2025-11-24T11:59:58","slug":"creme-macrocream-lava-maos-com-microesferas-vegetais-box-de-3000ml-nettuno","status":"publish","type":"product","link":"https:\/\/quimicosaldeia.pt\/index.php\/produto\/creme-macrocream-lava-maos-com-microesferas-vegetais-box-de-3000ml-nettuno\/","title":{"rendered":"Creme Macrocream lava ma\u0303os com microesferas vegetais &#8211; Box de 3000ml -Nettuno"},"content":{"rendered":"","protected":false},"excerpt":{"rendered":"<p>De cor avel\u00e3 e com aroma frutado, o Macrocream caracteriza-se pelas suas excelentes propriedades de limpeza e emoliente. Cont\u00e9m microesferas vegetais que conferem maior for\u00e7a \u00e0 sua ac\u00e7\u00e3o de limpeza.<br \/>\nSem solventes<br \/>\nMicroesferas vegetais (casca de avela\u0303 e ame\u0302ndoas)<br \/>\nConte\u0301m agentes amaciadores<br \/>\nRecomendado para uso frequente<br \/>\nDeixa a pele macia<br \/>\npH 5.5<br \/>\nRecomendado para:<br \/>\nMeca\u0302nica e pneus<br \/>\nCarpintaria<br \/>\nSerralharia<br \/>\nConstruc\u0327a\u0303o<br \/>\nAgricultura e jardinagem<br \/>\nPre\u00e7o com iva inclu\u00eddo<\/p>\n","protected":false},"featured_media":772,"comment_status":"open","ping_status":"closed","template":"","meta":[],"product_brand":[],"product_cat":[65,23],"product_tag":[330,331],"class_list":{"0":"post-771","1":"product","2":"type-product","3":"status-publish","4":"has-post-thumbnail","6":"product_cat-higiene-maos","7":"product_cat-quimicos","8":"product_tag-crememaos","9":"product_tag-macrocream","11":"first","12":"instock","13":"purchasable","14":"product-type-simple"},"_links":{"self":[{"href":"https:\/\/quimicosaldeia.pt\/index.php\/wp-json\/wp\/v2\/product\/771","targetHints":{"allow":["GET"]}}],"collection":[{"href":"https:\/\/quimicosaldeia.pt\/index.php\/wp-json\/wp\/v2\/product"}],"about":[{"href":"https:\/\/quimicosaldeia.pt\/index.php\/wp-json\/wp\/v2\/types\/product"}],"replies":[{"embeddable":true,"href":"https:\/\/quimicosaldeia.pt\/index.php\/wp-json\/wp\/v2\/comments?post=771"}],"wp:featuredmedia":[{"embeddable":true,"href":"https:\/\/quimicosaldeia.pt\/index.php\/wp-json\/wp\/v2\/media\/772"}],"wp:attachment":[{"href":"https:\/\/quimicosaldeia.pt\/index.php\/wp-json\/wp\/v2\/media?parent=771"}],"wp:term":[{"taxonomy":"product_brand","embeddable":true,"href":"https:\/\/quimicosaldeia.pt\/index.php\/wp-json\/wp\/v2\/product_brand?post=771"},{"taxonomy":"product_cat","embeddable":true,"href":"https:\/\/quimicosaldeia.pt\/index.php\/wp-json\/wp\/v2\/product_cat?post=771"},{"taxonomy":"product_tag","embeddable":true,"href":"https:\/\/quimicosaldeia.pt\/index.php\/wp-json\/wp\/v2\/product_tag?post=771"}],"curies":[{"name":"wp","href":"https:\/\/api.w.org\/{rel}","templated":true}]}}